{"id":8265,"date":"2020-06-23T17:01:15","date_gmt":"2020-06-23T15:01:15","guid":{"rendered":"https:\/\/producersart.com\/index.php\/product\/es-gerat-aus-den-fugen\/"},"modified":"2020-07-22T21:12:51","modified_gmt":"2020-07-22T19:12:51","slug":"es-gerat-aus-den-fugen","status":"publish","type":"product","link":"https:\/\/producersart.com\/index.php\/product\/es-gerat-aus-den-fugen\/","title":{"rendered":"was bleibt"},"content":{"rendered":"<p>Was bleibt ist eine partizipatorische Arbeit<br \/>\nzum Thema Verg\u00e4nglichkeit:<\/p>\n<p>Was bleibt von uns, wenn wir nicht mehr leben? Viele haben den Wunsch ihr Dasein zu konservieren, ihre gelebte Existenz sichtbar zu machen. Mit der Teilnahme an dieser Arbeit ist es m\u00f6glich eines Tages mit den jeweils eigenen Haaren und dem Namen im Museum zu sein. Der Deal? Die teilnehmende Person sucht sich einen Platz im Bett aus, bezahlt, und bekommt zwei Reagenzgl\u00e4ser. In das leere werden die eigenen Haare gef\u00fcllt, und dieses nimmt den ausgesuchten Platz ein. Daf\u00fcr muss das mit Haaren der K\u00fcnstlerin gef\u00fcllte Glas weichen, und wird zusammen mit einer Wandhalterung \u00fcbergeben. Die Pl\u00e4tze sind auf 100 begrenzt. Auf der Teilnehmerliste und dem Lageplan werden alle Namen in Ausstellungen und sp\u00e4ter in Museen zu lesen sein.<\/p>\n","protected":false},"excerpt":{"rendered":"<p>Was bleibt ist eine partizipatorische Arbeit zum Thema Verg\u00e4nglichkeit: Was bleibt von uns, wenn wir nicht mehr leben? Viele haben den Wunsch ihr Dasein zu konservieren, ihre gelebte Existenz sichtbar zu machen. Mit der Teilnahme an dieser Arbeit ist es m\u00f6glich eines Tages mit den jeweils eigenen Haaren und dem Namen im Museum zu sein. [&hellip;]<\/p>\n","protected":false},"featured_media":8212,"template":"","meta":{"_acf_changed":false,"_et_pb_use_builder":"","_et_pb_old_content":"","_et_gb_content_width":""},"product_cat":[29],"product_tag":[],"acf":[],"_links":{"self":[{"href":"https:\/\/producersart.com\/index.php\/wp-json\/wp\/v2\/product\/8265"}],"collection":[{"href":"https:\/\/producersart.com\/index.php\/wp-json\/wp\/v2\/product"}],"about":[{"href":"https:\/\/producersart.com\/index.php\/wp-json\/wp\/v2\/types\/product"}],"wp:featuredmedia":[{"embeddable":true,"href":"https:\/\/producersart.com\/index.php\/wp-json\/wp\/v2\/media\/8212"}],"wp:attachment":[{"href":"https:\/\/producersart.com\/index.php\/wp-json\/wp\/v2\/media?parent=8265"}],"wp:term":[{"taxonomy":"product_cat","embeddable":true,"href":"https:\/\/producersart.com\/index.php\/wp-json\/wp\/v2\/product_cat?post=8265"},{"taxonomy":"product_tag","embeddable":true,"href":"https:\/\/producersart.com\/index.php\/wp-json\/wp\/v2\/product_tag?post=8265"}],"curies":[{"name":"wp","href":"https:\/\/api.w.org\/{rel}","templated":true}]}}