{"id":16362,"date":"2023-01-02T16:02:05","date_gmt":"2023-01-02T15:02:05","guid":{"rendered":"https:\/\/producersart.com\/?post_type=product&#038;p=16362"},"modified":"2023-01-02T16:03:51","modified_gmt":"2023-01-02T15:03:51","slug":"0-und-1","status":"publish","type":"product","link":"https:\/\/producersart.com\/index.php\/product\/0-und-1\/","title":{"rendered":"0 und 1"},"content":{"rendered":"<p>&lt;em&gt;2022&lt;\/em&gt;<\/p>\n<p>&lt;em&gt;letraset komibiniert mit 0.1mm tuschefineliner&lt;\/em&gt;<\/p>\n<p>&lt;em&gt;DINA5&lt;\/em&gt;<\/p>\n","protected":false},"excerpt":{"rendered":"<p>In den frei ausschwingenden Bewegungen, die mit starken Linien die Bildfl\u00e4che \u00fcberziehen, lassen sich zum Teil elektrische Widerst\u00e4nde, Rei\u00dfverschlussstoffmuster oder Letrasetfragmente finden.<\/p>\n","protected":false},"featured_media":16361,"template":"","meta":{"_acf_changed":false,"_et_pb_use_builder":"","_et_pb_old_content":"","_et_gb_content_width":""},"product_cat":[29],"product_tag":[],"acf":[],"_links":{"self":[{"href":"https:\/\/producersart.com\/index.php\/wp-json\/wp\/v2\/product\/16362"}],"collection":[{"href":"https:\/\/producersart.com\/index.php\/wp-json\/wp\/v2\/product"}],"about":[{"href":"https:\/\/producersart.com\/index.php\/wp-json\/wp\/v2\/types\/product"}],"wp:featuredmedia":[{"embeddable":true,"href":"https:\/\/producersart.com\/index.php\/wp-json\/wp\/v2\/media\/16361"}],"wp:attachment":[{"href":"https:\/\/producersart.com\/index.php\/wp-json\/wp\/v2\/media?parent=16362"}],"wp:term":[{"taxonomy":"product_cat","embeddable":true,"href":"https:\/\/producersart.com\/index.php\/wp-json\/wp\/v2\/product_cat?post=16362"},{"taxonomy":"product_tag","embeddable":true,"href":"https:\/\/producersart.com\/index.php\/wp-json\/wp\/v2\/product_tag?post=16362"}],"curies":[{"name":"wp","href":"https:\/\/api.w.org\/{rel}","templated":true}]}}