{"id":14665,"date":"2022-01-24T11:01:05","date_gmt":"2022-01-24T10:01:05","guid":{"rendered":"https:\/\/producersart.com\/?post_type=product&#038;p=14665"},"modified":"2022-01-24T11:01:06","modified_gmt":"2022-01-24T10:01:06","slug":"farbfeldforschung-3","status":"publish","type":"product","link":"https:\/\/producersart.com\/index.php\/product\/farbfeldforschung-3\/","title":{"rendered":"Farbfeldforschung 3"},"content":{"rendered":"<p>Hier kombiniert die K\u00fcnstlerin wei\u00dfe Papierfla\u0308chen. Quantitativ bestechend ist die Nichtfarbe wei\u00df. Allerdings lassen die Werke mehr erkennen als blo\u00dfe Kontraste: Durch den Lichteinfall werden Farbver\u00e4nderungen sichtbar. Je nach Lichteinfall ergeben sich andere Schatten- und Lichtverl\u00e4ufe auf der papierenen Oberfl\u00e4che, wodurch Dynamik erwirkt wird. Dem Auge der Rezipient:innen er\u00f6ffnet sich bei l\u00e4ngerer Betrachtung der Werke ein immer wieder neues, sich stets ver\u00e4nderndes Farbfeld. Zudem wird das Glei\u00dfende des Wei\u00df\u00a0 durch das Licht hinterfragt.<br \/>\nZitat Dr. Maya Gro\u00dfmann<\/p>\n","protected":false},"excerpt":{"rendered":"<p>Die Farbwahrnehmung der einzelnen Farbquadrate \u00e4ndert sich durch \u00e4u\u00dfere Bedingungen und die Behandlung der Oberfl\u00e4che &#8211; glatt, gro, matt oder gl\u00e4nzend -und durch den Blickwinkel des Betrachters.<\/p>\n","protected":false},"featured_media":14664,"template":"","meta":{"_acf_changed":false,"_et_pb_use_builder":"","_et_pb_old_content":"","_et_gb_content_width":""},"product_cat":[29],"product_tag":[],"acf":[],"_links":{"self":[{"href":"https:\/\/producersart.com\/index.php\/wp-json\/wp\/v2\/product\/14665"}],"collection":[{"href":"https:\/\/producersart.com\/index.php\/wp-json\/wp\/v2\/product"}],"about":[{"href":"https:\/\/producersart.com\/index.php\/wp-json\/wp\/v2\/types\/product"}],"wp:featuredmedia":[{"embeddable":true,"href":"https:\/\/producersart.com\/index.php\/wp-json\/wp\/v2\/media\/14664"}],"wp:attachment":[{"href":"https:\/\/producersart.com\/index.php\/wp-json\/wp\/v2\/media?parent=14665"}],"wp:term":[{"taxonomy":"product_cat","embeddable":true,"href":"https:\/\/producersart.com\/index.php\/wp-json\/wp\/v2\/product_cat?post=14665"},{"taxonomy":"product_tag","embeddable":true,"href":"https:\/\/producersart.com\/index.php\/wp-json\/wp\/v2\/product_tag?post=14665"}],"curies":[{"name":"wp","href":"https:\/\/api.w.org\/{rel}","templated":true}]}}