{"id":14661,"date":"2022-01-24T11:01:06","date_gmt":"2022-01-24T10:01:06","guid":{"rendered":"https:\/\/producersart.com\/?post_type=product&#038;p=14661"},"modified":"2022-01-24T11:01:07","modified_gmt":"2022-01-24T10:01:07","slug":"licht-und-schatten","status":"publish","type":"product","link":"https:\/\/producersart.com\/index.php\/product\/licht-und-schatten\/","title":{"rendered":"Licht und Schatten"},"content":{"rendered":"<p>Zitat. Dr. Maya Gro\u00dfmann:<\/p>\n<p>Hier kombiniert die K\u00fcnstlerin einheitliche, schwarze und wei\u00dfe Papierfla\u0308chen. Quantitativ bestechend sind die Nichtfarben schwarz und wei\u00df. Allerdings lassen die Werke mehr erkennen als blo\u00dfe Kontraste: Durch den Lichteinfall werden Farbver\u00e4nderungen sichtbar. Je nach Lichtsituation ergeben sich andere Schatten- und Lichtverl\u00e4ufe auf der papierenen Oberfl\u00e4che, wodurch Dynamik erwirkt wird. Dem Auge der Rezipient:innen er\u00f6ffnet sich bei l\u00e4ngerer Betrachtung der Werke ein immer wieder neues, sich stets ver\u00e4nderndes Farbfeld. Zudem wird das Glei\u00dfende des Wei\u00df und das Tiefe, dunkle des Schwarz durch das Licht hinterfragt. So scheinen die Arbeiten die Rezipient:innen zu fragen: \u201eist das Gem\u00e4lde schwarz oder wei\u00df oder sind es verschiedene Farbschichten, die hier in den Vordergrund treten?\u201c<\/p>\n","protected":false},"excerpt":{"rendered":"<p>Japanpapier gefaltet, Pigmente, Sperrholz.<\/p>\n","protected":false},"featured_media":14660,"template":"","meta":{"_acf_changed":false,"_et_pb_use_builder":"","_et_pb_old_content":"","_et_gb_content_width":""},"product_cat":[29],"product_tag":[],"acf":[],"_links":{"self":[{"href":"https:\/\/producersart.com\/index.php\/wp-json\/wp\/v2\/product\/14661"}],"collection":[{"href":"https:\/\/producersart.com\/index.php\/wp-json\/wp\/v2\/product"}],"about":[{"href":"https:\/\/producersart.com\/index.php\/wp-json\/wp\/v2\/types\/product"}],"wp:featuredmedia":[{"embeddable":true,"href":"https:\/\/producersart.com\/index.php\/wp-json\/wp\/v2\/media\/14660"}],"wp:attachment":[{"href":"https:\/\/producersart.com\/index.php\/wp-json\/wp\/v2\/media?parent=14661"}],"wp:term":[{"taxonomy":"product_cat","embeddable":true,"href":"https:\/\/producersart.com\/index.php\/wp-json\/wp\/v2\/product_cat?post=14661"},{"taxonomy":"product_tag","embeddable":true,"href":"https:\/\/producersart.com\/index.php\/wp-json\/wp\/v2\/product_tag?post=14661"}],"curies":[{"name":"wp","href":"https:\/\/api.w.org\/{rel}","templated":true}]}}