{"id":14591,"date":"2022-01-19T13:38:52","date_gmt":"2022-01-19T12:38:52","guid":{"rendered":"https:\/\/producersart.com\/?post_type=product&#038;p=14591"},"modified":"2022-01-19T13:38:52","modified_gmt":"2022-01-19T12:38:52","slug":"floral-xxxvi","status":"publish","type":"product","link":"https:\/\/producersart.com\/index.php\/product\/floral-xxxvi\/","title":{"rendered":"floral XXXVI"},"content":{"rendered":"<p>&quot;floral&quot; XXXVI<\/p>\n<p>blind embossing on mould made paper<br \/>\nunique<br \/>\npaper size 19 x 25 cm<br \/>\nframe size 24 x 30 cm<br \/>\n2020<br \/>\nframed (black, wooden frame, with 100% UV-protection, glare-free acrylic glass), excl. shipping<\/p>\n<p>Pr\u00e4gedruck auf B\u00fcttenpapier<br \/>\nUnikat<br \/>\nPapiergr\u00f6\u00dfe 19 x 25cm<br \/>\nRahmengr\u00f6\u00dfe 24 x 30 cm<br \/>\n2020<br \/>\ngerahmt (schwarzer Holzrahmen, 100% UV-Schutz, blendfreies Acrylglas), excl. Versandkosten<\/p>\n","protected":false},"excerpt":{"rendered":"<p>&quot;floral&quot; XXXVI blind embossing on mould made paper unique paper size 19 x 25 cm frame size 24 x 30 cm 2020 framed (black, wooden frame, with 100% UV-protection, glare-free acrylic glass), excl. shipping Pr\u00e4gedruck auf B\u00fcttenpapier Unikat Papiergr\u00f6\u00dfe 19 x 25cm Rahmengr\u00f6\u00dfe 24 x 30 cm 2020 gerahmt (schwarzer Holzrahmen, 100% UV-Schutz, blendfreies Acrylglas), [&hellip;]<\/p>\n","protected":false},"featured_media":14590,"template":"","meta":{"_acf_changed":false,"_et_pb_use_builder":"","_et_pb_old_content":"","_et_gb_content_width":""},"product_cat":[29],"product_tag":[],"acf":[],"_links":{"self":[{"href":"https:\/\/producersart.com\/index.php\/wp-json\/wp\/v2\/product\/14591"}],"collection":[{"href":"https:\/\/producersart.com\/index.php\/wp-json\/wp\/v2\/product"}],"about":[{"href":"https:\/\/producersart.com\/index.php\/wp-json\/wp\/v2\/types\/product"}],"wp:featuredmedia":[{"embeddable":true,"href":"https:\/\/producersart.com\/index.php\/wp-json\/wp\/v2\/media\/14590"}],"wp:attachment":[{"href":"https:\/\/producersart.com\/index.php\/wp-json\/wp\/v2\/media?parent=14591"}],"wp:term":[{"taxonomy":"product_cat","embeddable":true,"href":"https:\/\/producersart.com\/index.php\/wp-json\/wp\/v2\/product_cat?post=14591"},{"taxonomy":"product_tag","embeddable":true,"href":"https:\/\/producersart.com\/index.php\/wp-json\/wp\/v2\/product_tag?post=14591"}],"curies":[{"name":"wp","href":"https:\/\/api.w.org\/{rel}","templated":true}]}}