{"id":13507,"date":"2022-05-31T22:10:17","date_gmt":"2022-05-31T20:10:17","guid":{"rendered":"https:\/\/producersart.com\/?post_type=product&#038;p=13507"},"modified":"2022-06-18T07:55:17","modified_gmt":"2022-06-18T05:55:17","slug":"das-herzzerreisende-der-dinge","status":"publish","type":"product","link":"https:\/\/producersart.com\/index.php\/product\/das-herzzerreisende-der-dinge\/","title":{"rendered":"das Herzzerrei\u00dfende der Dinge (mono no aware)"},"content":{"rendered":"<p>&lt;p style=&quot;text-align: left&quot;&gt;Daniel Schwarz (*1991) lebt und arbeitet in Berlin. Zwischen 2011 bis 2014 studierte er freie Kunst an der Akademie f\u00fcr Malerei in Berlin und war zwischen 2014 bis 2016 Meistersch\u00fcler von Harald Gnade. Anschlie\u00dfend erhielt er das Eduard Bargheer Stipendium und einige seiner Werke erwarb die Hasso-Plattner-Stiftung und das Kistefos Museum in Norwegen.<br \/>\nDer K\u00fcnstler setzt sich mit der Wahrnehmung, das Aufbrechen gewohnter Sichtweisen und das kulturelle Verst\u00e4ndnis zur Landschaftsmalerei auseinander. &quot;Zentrales Thema meiner Arbeit ist es, den heute vorherrschenden scheinbar selbstverst\u00e4ndlichen Freiheits- und Realit\u00e4tsgedanken des zeitgen\u00f6ssischen Menschen mit den Mitteln der Malerei zu hinterfragen. Dabei geht es um den Stellenwert der romantischen Fantasie, den kontinuierlich schwindenden Bezug zur tr\u00e4umerischen Natur und nicht zuletzt um das Sinnliche.&quot;<br \/>\nIn den Arbeiten von Daniel Schwarz manifestieren sich Mikrokosmen und Makrokosmen zu R\u00e4umen mit romantischen Sehns\u00fcchten transzendenter Erhabenheit, in denen die Essenz von Sehnsucht zur Natur als Grundstimmungen einflie\u00dft.&lt;\/p&gt;<\/p>\n","protected":false},"excerpt":{"rendered":"<p>&lt;p style=&quot;text-align: left&quot;&gt;Daniel Schwarz (*1991) lebt und arbeitet in Berlin. Zwischen 2011 bis 2014 studierte er freie Kunst an der Akademie f\u00fcr Malerei in Berlin und war zwischen 2014 bis 2016 Meistersch\u00fcler von Harald Gnade. Anschlie\u00dfend erhielt er das Eduard Bargheer Stipendium und einige seiner Werke erwarb die Hasso-Plattner-Stiftung und das Kistefos Museum in Norwegen. [&hellip;]<\/p>\n","protected":false},"featured_media":13506,"template":"","meta":{"_acf_changed":false,"_et_pb_use_builder":"","_et_pb_old_content":"","_et_gb_content_width":""},"product_cat":[29],"product_tag":[],"acf":[],"_links":{"self":[{"href":"https:\/\/producersart.com\/index.php\/wp-json\/wp\/v2\/product\/13507"}],"collection":[{"href":"https:\/\/producersart.com\/index.php\/wp-json\/wp\/v2\/product"}],"about":[{"href":"https:\/\/producersart.com\/index.php\/wp-json\/wp\/v2\/types\/product"}],"wp:featuredmedia":[{"embeddable":true,"href":"https:\/\/producersart.com\/index.php\/wp-json\/wp\/v2\/media\/13506"}],"wp:attachment":[{"href":"https:\/\/producersart.com\/index.php\/wp-json\/wp\/v2\/media?parent=13507"}],"wp:term":[{"taxonomy":"product_cat","embeddable":true,"href":"https:\/\/producersart.com\/index.php\/wp-json\/wp\/v2\/product_cat?post=13507"},{"taxonomy":"product_tag","embeddable":true,"href":"https:\/\/producersart.com\/index.php\/wp-json\/wp\/v2\/product_tag?post=13507"}],"curies":[{"name":"wp","href":"https:\/\/api.w.org\/{rel}","templated":true}]}}