{"id":13406,"date":"2021-06-14T13:53:30","date_gmt":"2021-06-14T11:53:30","guid":{"rendered":"https:\/\/producersart.com\/?post_type=product&#038;p=13406"},"modified":"2021-11-24T12:02:10","modified_gmt":"2021-11-24T11:02:10","slug":"in-memory-to-joseph-beuys","status":"publish","type":"product","link":"https:\/\/producersart.com\/index.php\/product\/in-memory-to-joseph-beuys\/","title":{"rendered":"In Memory to Joseph Beuys (Holzschnitt)"},"content":{"rendered":"<p>Holzschnitt &quot;In Memory to Joseph Beuys&quot;<br \/>\nvon Curt Walter von 1986<br \/>\nW\u00e4hrend der documenta 6, 1977 in Kassel, bin ich auf Joseph zugegangen und konnte einige Worte mit ihm wechseln. Ein Weisheitszahn von mir wurde einige Tage zuvor gezogen. Ich fragte ihn, ob er er diesen Zahn f\u00fcr eine k\u00fcnstlerische Idee gebrauchen kann. \u00a0Er nahm ihn dankend entgegen. Er h\u00e4tte sicher eine Verwendung daf\u00fcr. Die Fluxus &#8211; Bewegung mit ihren Happenings inspirierte mich und sp\u00e4ter auch seine Kunstaktion \u201e7000 Eichen\u201c, machten mir Mut f\u00fcr meine &quot;Aktionen Maskerade &quot;. Die schiere Menge seiner 7000 Eichen, die k\u00fcnstlerische Form und der Sinn dahinter, gaben mir Ansporn, die ich dann auch von 1981-1986 realisierte und bis heute ein Dauerbrenner ist. Link &quot;https:\/\/curtwalter.ch\/Maskerade_1981-1985.html&quot;<br \/>\nEin Happening mit einem pr\u00e4pariertem Klavier wurde 1986 w\u00e4hrend der Gruppenausstellung \u201eZugehend auf eine Biennale des Friedens\u201c, im Kunsthaus und Kunstverein Hamburg organisiert. Nam June Paik und viele andere K\u00fcnstler*innen pr\u00e4parierten das Klavier und Beuys schaltete sich zu. Er war krank und konnte sich nur telefonisch \u00e4ussern. Einige Tage darauf nahm er Abschied von uns. Sein Wesen und seine Handlungen gaben mir Mut und Zuversicht, als junger K\u00fcnstler im Leben durchzuhalten. Um beharrlich und dauerhaft, t\u00e4glich neue k\u00fcnstlerische Ideen zu entwickeln und meine Berufung, ohne durch Verzicht und Ausgrenzung selber in Gefahr zu bringen. Mich ber\u00fchrte sein Wegscheiden und ich beschloss seinen Tod zu Huldigen. So entstand der Holzschnitt \u201eIn Memory to Joseph Beuys&quot;.<\/p>\n<p>Woodcut &quot;In Memory to Joseph Beuys&quot; Curt Walter<br \/>\nPrinted in the studio of Peter Kneubu\u0308hler, Zurich in 1986 on Bu\u0308tten paper.<br \/>\nSize: 27 x 37.8 cm \/ 10.62\u201c x 14.88\u201c, Edition: 50 prints<\/p>\n<p>There are still 20 prints left<br \/>\nSigned: Curt Walter, 1986<br \/>\nPrice: 270 \u20ac, Packaging and postage excl.<br \/>\nSubject: &#8230; Idea from the \u00abAktion Maskerade\u00bb, plaster casts of over 3000 women, children and men.<br \/>\nhttps:\/\/curtwalter.ch\/Maskerade_1981-1985.html<\/p>\n","protected":false},"excerpt":{"rendered":"<p>Woodcut &quot;In Memory to Joseph Beuys&quot; by Curt Walter<br \/>\nSize: 27 x 37.8 cm \/ 10.62\u201c x 14.88\u201c<br \/>\nEdition: 50 prints \/ There are still 20 prints left<br \/>\nSigned: Curt Walter, 1986<\/p>\n","protected":false},"featured_media":13405,"template":"","meta":{"_acf_changed":false,"_et_pb_use_builder":"","_et_pb_old_content":"","_et_gb_content_width":""},"product_cat":[29],"product_tag":[],"acf":[],"_links":{"self":[{"href":"https:\/\/producersart.com\/index.php\/wp-json\/wp\/v2\/product\/13406"}],"collection":[{"href":"https:\/\/producersart.com\/index.php\/wp-json\/wp\/v2\/product"}],"about":[{"href":"https:\/\/producersart.com\/index.php\/wp-json\/wp\/v2\/types\/product"}],"wp:featuredmedia":[{"embeddable":true,"href":"https:\/\/producersart.com\/index.php\/wp-json\/wp\/v2\/media\/13405"}],"wp:attachment":[{"href":"https:\/\/producersart.com\/index.php\/wp-json\/wp\/v2\/media?parent=13406"}],"wp:term":[{"taxonomy":"product_cat","embeddable":true,"href":"https:\/\/producersart.com\/index.php\/wp-json\/wp\/v2\/product_cat?post=13406"},{"taxonomy":"product_tag","embeddable":true,"href":"https:\/\/producersart.com\/index.php\/wp-json\/wp\/v2\/product_tag?post=13406"}],"curies":[{"name":"wp","href":"https:\/\/api.w.org\/{rel}","templated":true}]}}